der when u is divided by 14.
11
Let v be -1 + 3 - 1/(-1). Suppose i - 5 = -v*m, i + 3*i + 22 = 2*m. What is the remainder when (8/2)/(m/24) is divided by 11?
10
Suppose 0 = m - 0*m. Suppose -r + 7 + 6 = m. What is the remainder when 37 is divided by r?
11
Suppose -3*v + 2*o = -6*v + 101, -2*o = 10. Let h = 23 + -5. Let x = -5 + h. What is the remainder when v is divided by x?
11
Suppose -f = -b + 25, 2*f = b - 24 - 1. Calculate the remainder when 49 is divided by b.
24
Let t = -16 + 31. Calculate the remainder when 39 is divided by t.
9
Let k(o) = 3*o**3 - 28*o**2 + 8*o + 12. What is the remainder when 7 is divided by k(9)?
1
Let u = 9 + -16. Let i = 30 + u. What is the remainder when 44 is divided by i?
21
Let z = -1 + 4. Suppose 3*b + z*n = 108, -6*b - 2*n = -b - 174. Calculate the remainder when b is divided by 12.
10
Suppose -5*a - 28 = 3*s, 3*a + 10 = a. Let d(k) = 3*k**2 - 5*k**2 - 12*k**3 + k**2. What is the remainder when 31 is divided by d(s)?
9
Let w = 26 - 20. What is the remainder when 20 is divided by w?
2
Let g(u) = 4*u**2 + 10*u + 4 - 9*u - 2*u + u**2 + u**3. Let v = -11 - -6. What is the remainder when 17 is divided by g(v)?
8
Let i = -4 - -26. Let r be -4*i*(-2 - 0). Suppose -r = -3*n + 1. What is the remainder when n is divided by 20?
19
Suppose -s + 0*s = 0. Let a = s - -3. Let k = -19 - -26. What is the remainder when k is divided by a?
1
Calculate the remainder when 17 is divided by (-4)/(-22) - ((-476)/44 - -2).
8
Suppose 0*m + 2*m - 16 = 0. Let q(v) = v**3 + v**2 - 3*v - 2. Let z be q(-3). What is the remainder when m is divided by -3 + z/(-1) - 3?
3
Let b = 1 + 3. Calculate the remainder when (-62)/b*(4 + -6) is divided by 11.
9
Let x(z) = -2*z**2 - 6*z + 6. Let s be x(-5). Let p(q) = 4*q**2 - q - 4. What is the remainder when p(-3) is divided by s/35*(-45)/1?
17
Let r = -7 + 9. Let c be (-8)/(-3) - r/3. Suppose -3*s + 2*z = -55, -c*z - 2*z - 8 = 0. Calculate the remainder when s is divided by 6.
5
Suppose 5*n = v + 167, 2*n - 50 - 3 = 5*v. What is the remainder when n is divided by 13?
8
Let i = -11 - -7. Let s = i - -18. What is the remainder when s is divided by 8?
6
Suppose -5*d - 2*u = -20, 6*u - 8 = -2*d + u. Suppose -4*j + 20 = d*a, -3*j + 0 = a + 3. Calculate the remainder when 0 + (25 - (-2 - -2)) is divided by a.
7
Let s(b) = 3*b + 41. Calculate the remainder when s(-5) is divided by 15.
11
Suppose -b = 4*k + 12, 2 + 13 = -b - 5*k. What is the remainder when 3 is divided by (3 - 0) + b/(-3)?
0
Let x = -5 - -9. Let m(w) = 2*w**2 + 5*w + 2. Let l be m(x). Suppose c = -h + 14, 0*c = -5*c - h + l. What is the remainder when 28 is divided by c?
8
Let x = -28 - -47. Let a = 22 + -36. Calculate the remainder when (-2)/7 + (-508)/a is divided by x.
17
Let o be (-5)/(-4) + 2/(-8). Suppose -3*z + 4*z - o = 0. Suppose z - 13 = -2*j. What is the remainder when 15 is divided by j?
3
Let y = -4 + 9. Let s = -12 - -34. Suppose -63 = -y*m + s. What is the remainder when m is divided by 6?
5
Let i = -4 + 6. Let o be 1/(-2)*i*-5. Suppose -o*d + 3*d = -20. Calculate the remainder when 28 is divided by d.
8
Let a = -38 + 50. What is the remainder when 57 is divided by a?
9
Let m = -60 - -73. What is the remainder when m is divided by 5?
3
Suppose v + 77 = 4*a + 6*v, a + 4*v - 11 = 0. What is the remainder when a is divided by 3?
2
Let v = -4 + -14. Let r = v - -32. Calculate the remainder when r is divided by 8.
6
Let n(b) = 46*b**2 - 5*b + 5. Calculate the remainder when n(2) is divided by 36.
35
Suppose -2*j + t + 31 = 0, -5*j + 53 = -j + t. Suppose 80 = 3*k - k. What is the remainder when k is divided by j?
12
Let d be 3 + (-3 - -2) - 2. Let f(s) be the third derivative of s**4/24 + 47*s**3/6 + 2*s**2. Calculate the remainder when f(d) is divided by 16.
15
Let x = 5 - 0. Suppose 4 + 2 = 2*t + 3*v, 2*t = -x*v - 2. What is the remainder when t is divided by 5?
4
Let i(f) = -9*f + 3. Let s be i(2). Let l = 26 + s. Let v = 2 - -18. What is the remainder when v is divided by l?
9
Suppose 2*w - 7*w + 20 = 0. Let l = 82 + -48. What is the remainder when l is divided by w/(-10) + (-62)/(-5)?
10
Suppose u = 2*u - 4. What is the remainder when 5 is divided by u?
1
Suppose -2*x = x - 33. What is the remainder when 4/6 + ((-232)/(-6))/2 is divided by x?
9
Let r(x) = -2*x. Let v = -24 + 86. What is the remainder when v is divided by r(-8)?
14
Suppose -3*f - 21 = -2*v, -v + 0*f = -f - 9. Let a = -9 + v. What is the remainder when 31 is divided by 52/5 - a/5?
9
Let n be -1 - 4/(2 - -2). What is the remainder when n/(-14) - (-1448)/56 is divided by 7?
5
Let i(r) = -4*r + 1. Let k(q) = q**2 - 10*q - 1. Let h be k(10). What is the remainder when 7 is divided by i(h)?
2
Let r(n) = -7*n - 5. Let h be r(5). Let t = -11 - h. Calculate the remainder when t is divided by 10.
9
Let u(j) = 38*j**2 + 2*j - 1. Calculate the remainder when u(1) is divided by 8*(1 - (-4)/16).
9
Calculate the remainder when (11 + -1)/5 + 0 is divided by 1.
0
Let k(p) = p**2 + 5*p + 2. Suppose 2*f + 2 + 10 = 0. What is the remainder when k(f) is divided by 5?
3
Let x(q) = 6*q**2 - 7*q - 1. Calculate the remainder when x(-2) is divided by 10.
7
Calculate the remainder when 573/7 + (-2)/(-14) is divided by 21.
19
Let w(s) = 14*s - 38. Calculate the remainder when w(9) is divided by 18.
16
What is the remainder when (-1)/((12/174)/(-2)) is divided by 17?
12
Let l = 10 - -37. Suppose -2*a = 3*h - 58 - l, -3*h + 150 = 3*a. What is the remainder when a is divided by 24?
21
Let p = 266 - 178. Calculate the remainder when p is divided by 10.
8
Suppose -51 = 28*m - 29*m. Calculate the remainder when m is divided by 18.
15
Let w be 7 + -95 + 4/1. Calculate the remainder when (-1)/(-1 + w/(-87)) is divided by 16.
13
Suppose -6*j = 5*h - 3*j - 58, 4*h - 5*j - 39 = 0. Calculate the remainder when h is divided by 0*(-3)/(-12) + 3.
2
Let b(v) = -v**2 - 6*v - 6. Let p be b(-4). Let y be (5/(-2) + p)*0. Suppose 5*n - 355 = -y*n. What is the remainder when n is divided by 24?
23
Let r(q) = q + 5. Let c be r(0). Suppose 5*n - 145 = -5*p, 5*p + 133 = c*n + 4*p. Calculate the remainder when n is divided by 10.
7
Suppose 0*q - 5*q - 440 = 0. Let h = -59 - q. What is the remainder when h is divided by 10?
9
Let w(v) = -v**2 + 3*v + 2. Calculate the remainder when (192/24)/(2 - 0) is divided by w(3).
0
Calculate the remainder when 1/(-1*(-3)/21) is divided by 4.
3
Let q be 42/(-9)*3/(-2). Let s(m) = m**2 - 2*m + 0*m**2 + 6 + 2. What is the remainder when s(q) is divided by 15?
13
Let u(v) = -v - 7. Let p be u(-11). Suppose -3*k - x + 74 = 0, -p*k + k + 2*x = -59. Calculate the remainder when k is divided by 8.
7
Suppose 15 = c + 4*h - 2, -2*c - 5*h + 43 = 0. What is the remainder when c is divided by 11?
7
Suppose 0 = 2*c - 154 + 74. Calculate the remainder when 237 is divided by c.
37
Let t(c) be the second derivative of c**5/20 - 2*c**4/3 + 3*c**3/2 + 4*c. Calculate the remainder when 40 is divided by t(7).
12
Let h(q) = q**2 - 4*q + 3. Let a be h(3). Suppose -50 = -6*r + r. Suppose a = 5*n - 15 - r. What is the remainder when 8 is divided by n?
3
Calculate the remainder when (-2871)/(-44) + (-15)/12 is divided by 35.
29
Suppose -4*k + 4 + 20 = 0. Let z = -93 - -103. Calculate the remainder when z is divided by k.
4
Suppose -15 = -2*a + 15. Suppose a = -3*l, 4*t - 2*t - 5*l - 45 = 0. Calculate the remainder when 18 is divided by t.
8
Let u be 0 - (-2 + 12/2). Let g be ((-6)/u)/(1/6). Suppose 0 = 2*v - g - 41. Calculate the remainder when v is divided by 13.
12
Let h = 71 - 58. What is the remainder when (-8)/(2 + (-7)/3) is divided by h?
11
Suppose -7 = 3*y + 3*o - 31, 3*o + 46 = 4*y. Calculate the remainder when 87 is divided by y.
7
Suppose -2*a + 0 = -4. Let b(d) = -2*d**2 - 10*d - 5. What is the remainder when b(-4) is divided by a?
1
Let z be 16/3 + 2/(-6). Suppose 3*j + z*a - 86 = 69, 3*j - 4*a - 119 = 0. Suppose -j = -3*d + 15. Calculate the remainder when d is divided by 7.
6
Let k(p) be the third derivative of 5*p**4/24 - p**3/2 + 2*p**2. Calculate the remainder when 20 is divided by k(2).
6
Let r be (-51)/(((-30)/4)/5). Suppose 3*q = r - 4. Calculate the remainder when 29 is divided by q.
9
Let c be 4/10 + (-13)/(-5). Suppose -c*h - 2 = -11. Suppose -3*o + 4*o = 2. What is the rema